 - 6. Let j be ((-42)/(-18))/((-1)/3). What is the remainder when p(j) is divided by 10?
9
Let y(j) = -j**3 + 9*j**2 - 18 + j**2 - j**2 + 2*j + 3*j**2. Calculate the remainder when y(12) is divided by 4.
2
Suppose 63*r - 900 = -12*r. Suppose -28 - 87 = -5*i. Calculate the remainder when i is divided by r.
11
Suppose 2265 = 8*w + 2073. What is the remainder when w is divided by (-4)/(-10) - (-172)/20?
6
Let z = 9 + -5. Suppose -3*f - 24 = -z*f. What is the remainder when f is divided by 9?
6
Let o(f) = -4*f + 26. What is the remainder when o(-40) is divided by 102?
84
Suppose 0*i - 4*i + 472 = 0. Suppose 62 = y - i. Suppose d = -3*d + y. Calculate the remainder when d is divided by 12.
9
Let z(i) = -i**2 + 5*i + 4. Let a be z(4). Suppose 2*u = 10 + a. What is the remainder when 16 is divided by u?
7
Suppose -2 = -z + 2*t, -5*z + 3 = -4*t - 19. What is the remainder when 6/(920/(-161) - (-12)/2) is divided by z?
3
Calculate the remainder when 93 is divided by 49/(-2)*(31 + -33).
44
Let i(r) = r**2 - 2. Let k(h) = -h**3 + h**2 - h - 5. Let g be k(0). Let s be i(g). Let t = s + -22. What is the remainder when t is divided by 1?
0
Suppose -2*s = -4*m + 2*s + 356, 15 = 3*s. Let u be (-6)/((9/(-12))/(76/8)). Suppose -12*i + u = -8*i. Calculate the remainder when m is divided by i.
18
Let p = 12 - -149. Calculate the remainder when p is divided by 49.
14
Let b = 453 + -432. What is the remainder when 207 is divided by b?
18
Suppose 0 = -10*q + 24 - 74. What is the remainder when 15/6*(-4)/q - -27 is divided by 9?
2
Suppose 17 = b - 5*x, -71*x + 68*x = 3*b - 87. Calculate the remainder when b is divided by 12.
3
Let h(d) = 2*d**2 - 101*d + 93. What is the remainder when h(53) is divided by 178?
2
Let v(g) = 19*g - 39. What is the remainder when v(10) is divided by 79?
72
Let l = 95 - 81. Let r = 13 + -9. What is the remainder when l is divided by r?
2
Let o(h) = h + 1. Let i = 5752 + -5731. Calculate the remainder when i is divided by o(5).
3
Suppose 7*b + 3 = -4. Suppose 39 - 3 = 4*o. Calculate the remainder when o is divided by ((-1)/(-2))/(b/(-8)).
1
Let z be (-2)/(-8) - (-3)/4. Let m be -3*(-3 + 2) + 7. Suppose z = k, -3*k - 11 = -s + m. Calculate the remainder when s is divided by 7.
3
Let n = 534 + -524. Calculate the remainder when 86 is divided by n.
6
Let y = 0 + -2. What is the remainder when 15 - (1 + 3 + y) is divided by -6 - -8 - -4*(-1)/(-2)?
1
Suppose -5*s = -2*u + 27, -u = -3*u - 2*s + 34. Let r = -14 + u. Suppose o = 5*o - 12. Calculate the remainder when o is divided by r.
1
Let g = -346 - -424. Suppose 3*q = -3*c + 48 + 15, 0 = -4*c - q + 69. What is the remainder when g is divided by c?
14
Let t(v) = -v**3 - 3*v**2 + 5. Let g be (5/(-6))/(4/12)*2. What is the remainder when t(g) is divided by 12?
7
Let z be 7/3 - (-2)/(-6). Calculate the remainder when (-84)/(-1)*60/120 is divided by 1*z*(-27)/(-6).
6
Suppose h - 4*c + 18 = 104, -86 = -h - 6*c. Calculate the remainder when h is divided by 11.
9
Let b(t) = 15*t - 3. What is the remainder when (-27)/135 - 768/(-15) is divided by b(2)?
24
Let f = -511 - -590. Calculate the remainder when 314 is divided by f.
77
Suppose -11*n = -24*n + 286. Suppose 0 = b + 3*s - 13, -2*s - n = -3*b + 6. Calculate the remainder when 25 is divided by b.
5
Suppose 4*y - 816 = -688. What is the remainder when y is divided by 6?
2
Suppose -4*p + 17 = -w, -3*p + 28 = -2*p - 5*w. Suppose -59 = -4*i + 3*k, -4*k - 43 = -3*i - p*k. Calculate the remainder when 95 is divided by i.
11
Let v = -29 + 194. Calculate the remainder when v is divided by 42.
39
Let l be 20*((-8)/(-20) - (-1)/10). Suppose p = l*p - 189. What is the remainder when p is divided by 11?
10
Let u(s) = 15*s + 5. What is the remainder when u(1) is divided by 7?
6
Suppose -3*g + 4 - 10 = 0. Let n = g - -7. Suppose 0 = 5*i - i - 72. Calculate the remainder when i is divided by n.
3
Suppose -s = 5*r - 44, -s - 16 + 63 = 2*r. Calculate the remainder when 388 is divided by s.
45
Let g = -299 + 313. Calculate the remainder when 104 is divided by g.
6
Let q(c) = c + 24. Let v be (1 - -17)/(3 - 2). Suppose t = 4*t - v. Calculate the remainder when q(-4) is divided by t.
2
Suppose 8*k - 53 = 11. What is the remainder when 14 is divided by k?
6
Let l(s) = 29*s + 11. Let r be l(6). Suppose 977 + r = 7*f. Calculate the remainder when f is divided by 28.
26
Let f(v) = v**2 - 2*v - 28. What is the remainder when f(-14) is divided by 23?
12
Let i(v) = v**3 - 5*v**2 + 6*v - 11. Calculate the remainder when i(6) is divided by 21.
19
Suppose -7*s + 228 + 507 = 0. Suppose s = 4*h - 2*q + 5*q, 60 = 3*h - 4*q. What is the remainder when 142 is divided by h?
22
Let o(y) = -2*y**3 - y**2 + 1. Let m be o(-1). Suppose -4 - 22 = -m*v. Let s(u) = -u**2 - 16*u - 5. What is the remainder when s(-14) is divided by v?
10
Suppose -3*i = -i - 40. Let a = i - 13. Calculate the remainder when 19 is divided by a.
5
Suppose 922 = -17*x + 2979. Calculate the remainder when x is divided by 31.
28
Let h be 6/(-8)*-3*(-8)/(-18). Calculate the remainder when ((-4)/(-6) - h)/(6/(-306)) is divided by 8.
1
Let d be ((-18)/12)/((-1)/4). Let r = d - -1. Suppose 0 = 2*n - 10, -3*s + 2*n + r = n. Calculate the remainder when 5 is divided by s.
1
Suppose -3*j - 11 = -w - 3*w, -4*w + 12 = -4*j. Suppose -w*q + 40 = -12. What is the remainder when 129 is divided by q?
25
Let h(j) = j**3 + j**2 + 1. Let o be h(-2). Let w be 0*o/9 + 0. Suppose x + w*x = 18. Calculate the remainder when 33 is divided by x.
15
Suppose 5*z - 6 = 14. Suppose z*l = l. Suppose 124 = 3*u - 5*d, l = -2*u - 3*d + 30 + 40. Calculate the remainder when u is divided by 10.
8
Let q(k) be the third derivative of -k**6/120 - k**5/30 + 13*k**4/24 + k**3 - 5*k**2. What is the remainder when 62 is divided by q(-5)?
14
Let r = -65 + 109. Suppose -142*m + 138*m + 48 = 0. Calculate the remainder when r is divided by m.
8
Let b = 42 + 25. Calculate the remainder when b is divided by 34.
33
Calculate the remainder when 28 + (4/2 - 1) is divided by (-144)/(-12) + 1 + -5.
5
Let k = 6 - -8. Suppose 4*s - k = -c, -2*c + 79 = -4*s + 27. Calculate the remainder when 64 is divided by c.
20
Suppose -5*s = w - 360, 0 = -3*s - 3*w + 82 + 134. What is the remainder when s is divided by 12?
0
Suppose 5*x = -2*h - h + 30, -2*h = 2*x - 16. Suppose h*b - 14*b = -441. Calculate the remainder when b is divided by 26.
23
Let q = 16 + -10. Let h(d) = 442 - 442 - 14*d + 24*d - d**2. What is the remainder when 46 is divided by h(q)?
22
Suppose 35 + 15 = 5*t. Let p(q) = q**2 - 6*q + 15. What is the remainder when p(t) is divided by -54*(-3)/6 + 1?
27
Let a be 3 + -1 + (-3)/(-1). Suppose 6*o = -a*o + 121. Calculate the remainder when o is divided by 5.
1
Let q(o) = o**3 + 85*o**2 - o + 396. What is the remainder when q(-85) is divided by 36?
13
Let l = -28 - -35. What is the remainder when 31 is divided by l?
3
Let b(u) = -8*u**3 + u**2 + 6*u + 5. Let n be b(-6). Suppose -5*r + n + 447 = 0. Suppose -r = -4*s - 88. What is the remainder when s is divided by 30?
27
Let n(x) = x**2 - 16*x - 80. What is the remainder when n(25) is divided by 28?
5
What is the remainder when ((-1229)/2)/(-5 - (-63)/14) is divided by 77?
74
Suppose -2109*q + 2116*q - 77 = 0. Suppose g - 64 = -g. What is the remainder when g is divided by q?
10
Suppose 5 = -3*w + t, 5*w + 5*t - 25 = -0*t. Suppose -5*p = -w*n + n + 16, -2*n + 23 = -p. Suppose n = -z + 50. Calculate the remainder when z is divided by 14.
13
Suppose 0 = t - 4, -b - 3*b + 5*t = -20. Suppose 0 = -17*i - 6 + 234 + 44. What is the remainder when i is divided by b?
6
Suppose -4*x - 946 = -26*x. Calculate the remainder when 211 is divided by x.
39
Let l(i) = 62*i**2 - 1. Let w(x) = 8*x. What is the remainder when l(-1) is divided by w(4)?
29
Let p(a) = 30*a + 442. Let z be -2 + 96 + -2 - 0. Suppose 5*o = 13 + z. What is the remainder when p(-12) is divided by o?
19
Suppose -14*g - 27*g = -3280. Calculate the remainder when g is divided by 6.
2
Suppose -199 = -5*s + 2*d + 131, 4*s = d + 264. Calculate the remainder when 590 is divided by s.
62
Calculate the remainder when 81 is divided by (-233)/(-11) - (14 - 1520/110).
18
Let a(y) = -y**3 + y + 2. Let t be a(0). Let o = t + 15. Suppose -3*h - 5*q = -135, -h - 3*q = -6*q - 